greatest common factor of 10 and i.
10
Let y be (-3)/12 + 10/8. Suppose -3 - y = -4*i. Let l = 9 - 8. Calculate the greatest common divisor of l and i.
1
Suppose -34 = 6*v - 136. What is the highest common factor of v and 17?
17
Let c = -11 - -7. Let o = 4 + c. Let a = o - -5. What is the greatest common factor of a and 10?
5
Let c(u) = 16*u. Let t(v) = -v + 7. Let n be t(6). Let f be c(n). Suppose 5*g + 4*r = 17, 2*r - 4*r + f = 4*g. Calculate the greatest common factor of 5 and g.
5
Let k be ((-12)/(-10))/((-15)/(-50)). Suppose 5*m - 18 - 59 = k*x, m - 13 = 2*x. Let f be (-98)/(-6) - (-2)/3. What is the highest common divisor of f and m?
17
Suppose 3*f - 4*b - 95 + 26 = 0, -b - 98 = -5*f. Calculate the greatest common factor of 152 and f.
19
Let i = 102 - 68. Suppose -26 - i = -4*n. Let o = 27 - n. What is the greatest common factor of 3 and o?
3
Suppose 2*y + 3*f - 3 = 0, -2*y + 0*f - 5*f - 7 = 0. Calculate the greatest common divisor of 72 and y.
9
Suppose -2*z + 6 = -5*d + 4, 0 = 3*d + 2*z + 14. Let t = d + 17. Let m = 36 - t. What is the greatest common divisor of m and 7?
7
Let i = 716 - 453. Suppose 2*d = 167 + i. Suppose 68 = -3*j + d. What is the highest common divisor of j and 7?
7
Let i(s) = 13*s - 8. Suppose -5*b + 0*b = -50. Let l be i(b). Let a = l - 74. What is the greatest common factor of 32 and a?
16
Let s(t) = -2*t**2 + 3*t + 7. Let p be s(-5). Let z = 26 - p. Calculate the highest common divisor of 12 and z.
12
Suppose -2*j = -24 - 20. Suppose 0*x - 9 = 3*x. Let a(u) = -2*u**3 - 2*u**2 + u. Let z be a(x). Calculate the highest common divisor of z and j.
11
Let m be (1 + 6/3)*260/15. Calculate the highest common factor of 4 and m.
4
Let j = 11 - -11. What is the highest common factor of j and 22?
22
Let q = -34 - -56. Calculate the highest common factor of q and 242.
22
Suppose -3*b = 2*w + 2, 2*b + 5 = 5*b - 5*w. Suppose b = n - 2 - 1. Suppose 0 = n*o, -4*o + 2*o = -p + 12. What is the highest common factor of p and 3?
3
Suppose -19 = -h + 5*o, h + 3*o + 21 = -2*o. Let r be h/((-4)/(-6) + -1). Let v = r - 1. Calculate the greatest common divisor of v and 14.
2
Suppose 5*l - 9 + 44 = 0. Let q(b) be the first derivative of b**3/3 + 3*b**2 + 2*b - 1. Let s be q(l). Calculate the highest common divisor of 36 and s.
9
Suppose -9 - 5 = -2*y - 4*p, y = 5*p. Suppose y*a - 48 = -3*n, -4*a - 4*n + n + 36 = 0. Suppose -5*u + 30 = -10. Calculate the highest common factor of u and a.
4
Let s(r) = 3*r**2 + 5*r - 9. Let w be s(3). What is the greatest common divisor of 11 and w?
11
Let z(c) = -84*c + 1. Let w be z(-1). What is the highest common divisor of w and 34?
17
Let c be 4/(-14) - 1490/(-70). What is the highest common factor of 7 and c?
7
Suppose l = k + 3*k - 13, -k + 1 = 2*l. What is the greatest common factor of 18 and k?
3
Suppose -5*u + 5 + 2 = -o, 4*u = o + 7. Let r = 10 + o. Let i be (9/(-7) - r)*-7. What is the highest common divisor of i and 45?
15
Suppose 4*z + 32 = -0*z. Let d = z + 11. What is the greatest common divisor of 24 and d?
3
Suppose 2*m = -3*m + 60. Calculate the greatest common divisor of m and 132.
12
Let c(s) = -s - 4. Let h(m) = m**2 + 13*m + 14. Let g be h(-11). Let z be c(g). Let p = -22 + 50. What is the greatest common divisor of p and z?
4
Let n(a) = 9*a - 6. Let j(v) = -v**2 + 4. Let t be j(0). Let q be n(t). What is the greatest common factor of 6 and q?
6
Let s be (-4)/10 + 64/10. Let o be (-25)/15 + (-4)/(-6). Let v be (-2*(1 + 0))/o. What is the highest common factor of v and s?
2
Let t(x) = 3*x**2 - 6*x + 6. Let d be t(4). What is the highest common divisor of 300 and d?
30
Let g(t) = t**2 - 2*t - 1. Let k be g(-2). Suppose 0 = -3*s + 5*j + 246, 3*s = -j + 184 + 44. Calculate the highest common divisor of k and s.
7
Let h(o) = 3*o + 20. Let l be h(0). Calculate the greatest common factor of l and 30.
10
Let m be 4/2 - 0/(-1). Suppose 60 = -m*y - y. Let q = y + 28. Calculate the greatest common divisor of q and 64.
8
Let t = 93 + -88. Calculate the greatest common factor of t and 45.
5
Suppose -26*r + 156 = -416. Calculate the greatest common divisor of 154 and r.
22
Let k(o) = -o**2 - o - 5. Let t(i) = i - 1. Let f(h) = -k(h) + 4*t(h). Let b be f(-5). Let j = 3 - b. Calculate the highest common factor of 18 and j.
2
Suppose -5*r - 3*j + 121 = -20, 57 = 2*r + j. Let n be 1/((-2)/(-4)*1). Let b be ((-3)/(-4))/(n/200). What is the greatest common divisor of b and r?
15
Let g(l) = 10*l**3 - 2*l**2 + 1. Let x be g(1). What is the greatest common factor of x and 18?
9
Let z(g) = -4*g**2 - 44*g + 14. Let c be z(-11). What is the greatest common factor of 70 and c?
14
Let f(b) = b**3 - b**2 - 4*b. Let g be f(3). Let r be 3/(g/5)*4. Calculate the highest common factor of 50 and r.
10
Let i be (1 - 1 - 1)*-3. Suppose 6 = i*n - 9. Suppose 5*c - t = -n*t + 296, -177 = -3*c - 3*t. What is the highest common divisor of 40 and c?
20
Suppose -3*v + 6*v = 114. Suppose -v + 102 = 4*j. Calculate the highest common factor of j and 2.
2
Let a(o) = 101*o - 28. Let c(s) = 67*s - 19. Let z(u) = -5*a(u) + 7*c(u). Let t be z(-5). What is the highest common divisor of 17 and t?
17
Let z be 3 + 1 + -3 + 3. Suppose z*h + 3 = 7, 5*h + 19 = 2*x. Calculate the highest common divisor of 12 and x.
12
Suppose 3*k - 31 = 38. Suppose 0 = v + 5*y + k, 7*y - 2*y = v - 27. Let o be -1 - v/2*-106. What is the highest common factor of o and 15?
15
Let x(y) = 2*y**3 - 7*y**2 + 4*y - 4. Let s be x(5). Calculate the highest common divisor of s and 14.
7
Suppose 0 = -2*o - 2*o + 4*f + 32, -3*o = f - 44. Suppose d = -3*d + 260. Calculate the greatest common factor of d and o.
13
Suppose 3*k - 2*k = 3. Suppose k*i - 151 - 119 = 0. Calculate the highest common factor of i and 10.
10
Let i(t) = 8*t - 4. Suppose -2*h = -4*s - 20, 3*h + 14 = -7*s + 2*s. Let q be i(s). Let u be q/(1/2*-3). What is the greatest common factor of 8 and u?
8
Suppose 0 = 5*d + 3*o - 25, 3*o - 15 = 5*d - 2*o. Suppose -5*k + 5*j = -525, d*k - 63 = j + 152. What is the greatest common divisor of 10 and k?
10
Let i(j) = -13*j - 2. Let m be i(2). Let s be (-9 + 1)*m/7. What is the highest common divisor of 4 and s?
4
Let k = 49 + -41. What is the highest common divisor of 32 and k?
8
Suppose -v - 4*s = 10, -6*s + s = -4*v + 23. Let q(d) = 10*d**2 + d - 1. Let p be q(v). Let n = p + -5. What is the highest common divisor of n and 24?
12
Let y = -31 - -66. Let k(h) = -33*h - 5. Let c(b) = -8*b - 1. Let n(d) = -9*c(d) + 2*k(d). Let v be n(1). What is the greatest common divisor of v and y?
5
Let y be (1*3)/((-21)/(-14)). Let l be (-1 - (y - 6)) + 33. Calculate the greatest common factor of l and 12.
12
Let k(a) = -12*a + 4. Let n be k(-5). Calculate the highest common divisor of 16 and n.
16
Let z(j) = j**3 - 3*j**2 - j - 7. Let h be z(5). Calculate the greatest common divisor of 57 and h.
19
Let s(v) = -v**3 + 5*v**2 - v + 1. Let d be s(5). Let p = d - -33. Calculate the greatest common divisor of p and 145.
29
Let u(n) = n**2 - n + 24. Let o(m) = m**3 + 6*m**2 - m - 5. Let q be o(-6). Let s = 1 - q. Let b be u(s). Calculate the highest common divisor of b and 36.
12
Suppose -10*l + 371 = -19. What is the highest common factor of l and 13?
13
Let y(g) = -g**2 - 6*g. Suppose v - c + 4 + 3 = 0, -3*c + 16 = -2*v. Let a be y(v). What is the greatest common divisor of a and 25?
5
Suppose -3*b = -3*f - 2*f + 272, 51 = f - 4*b. Let j be f/((0 - -1) + 0). Calculate the highest common divisor of 11 and j.
11
Let s be 3/(-6)*(-181 - -1)/5. What is the greatest common divisor of s and 288?
18
Let x(t) = t**3 + 4*t**2 + 2. Let k be x(-4). Calculate the greatest common factor of k and 2.
2
Let i = 198 + -86. What is the greatest common factor of 14 and i?
14
Let p = 170 - 115. Calculate the greatest common factor of 5 and p.
5
Let u be 10/45 - (-2)/(-9). Suppose u*n - 12 = 4*n. Let q = n - -7. Calculate the greatest common factor of 2 and q.
2
Suppose -6*q + 2*q = 20. Let o be 2 - (-3 - q)*1. Suppose o = 5*t + 4*r - 364, -t + 4*t = 5*r + 211. What is the highest common divisor of t and 9?
9
Suppose 0 = 2*f + 4. Let y = 3 + f. Let d(b) = -b**3 + 1. Let i be d(0). Calculate the highest common factor of i and y.
1
Suppose 2*n + n - 6 = 0. Let g(t) = t**3 + 10*t**n - 2 - 2*t + 2. Let 